?
1
What is the thousands digit of 35335373?
5
What is the units digit of 231897?
7
What is the tens digit of 507747?
4
What is the hundred thousands digit of 8041874?
0
What is the units digit of 55231?
1
What is the hundred thousands digit of 1334583?
3
What is the tens digit of 2062835?
3
What is the units digit of 244877?
7
What is the units digit of 412272?
2
What is the thousands digit of 135926?
5
What is the units digit of 578372?
2
What is the hundred thousands digit of 4228007?
2
What is the tens digit of 427718?
1
What is the hundred thousands digit of 918535?
9
What is the ten thousands digit of 4297305?
9
What is the thousands digit of 450969?
0
What is the units digit of 97988?
8
What is the units digit of 389801?
1
What is the hundreds digit of 893980?
9
What is the hundreds digit of 130555?
5
What is the thousands digit of 2927028?
7
What is the hundreds digit of 611693?
6
What is the ten thousands digit of 3931934?
3
What is the hundreds digit of 32628406?
4
What is the hundreds digit of 1359113?
1
What is the hundred thousands digit of 936069?
9
What is the ten millions digit of 10035932?
1
What is the thousands digit of 11854458?
4
What is the thousands digit of 56712?
6
What is the thousands digit of 5994804?
4
What is the tens digit of 6256414?
1
What is the hundred thousands digit of 30351158?
3
What is the thousands digit of 1419552?
9
What is the tens digit of 2180726?
2
What is the tens digit of 5436090?
9
What is the hundred thousands digit of 479439?
4
What is the hundred thousands digit of 39481867?
4
What is the tens digit of 1644280?
8
What is the millions digit of 10372181?
0
What is the hundreds digit of 2390128?
1
What is the thousands digit of 203243?
3
What is the hundred thousands digit of 615259?
6
What is the hundreds digit of 7190295?
2
What is the units digit of 460720?
0
What is the thousands digit of 135738?
5
What is the tens digit of 2129026?
2
What is the hundreds digit of 8622516?
5
What is the hundred thousands digit of 1615586?
6
What is the units digit of 140549?
9
What is the ten millions digit of 13576102?
1
What is the hundred thousands digit of 5855567?
8
What is the tens digit of 43390?
9
What is the thousands digit of 6501170?
1
What is the hundreds digit of 655467?
4
What is the thousands digit of 214335?
4
What is the hundreds digit of 2248158?
1
What is the tens digit of 36138?
3
What is the ten thousands digit of 26430581?
3
What is the millions digit of 8454780?
8
What is the thousands digit of 12952967?
2
What is the hundreds digit of 1331353?
3
What is the units digit of 614891?
1
What is the ten thousands digit of 7035151?
3
What is the units digit of 1630878?
8
What is the hundreds digit of 552113?
1
What is the thousands digit of 163190?
3
What is the units digit of 1010569?
9
What is the units digit of 241736?
6
What is the units digit of 1179478?
8
What is the hundred thousands digit of 185520?
1
What is the millions digit of 11362157?
1
What is the units digit of 93386?
6
What is the millions digit of 3396746?
3
What is the units digit of 116937?
7
What is the hundreds digit of 1031264?
2
What is the ten millions digit of 15667190?
1
What is the tens digit of 170532?
3
What is the hundreds digit of 3191736?
7
What is the tens digit of 10526?
2
What is the tens digit of 469648?
4
What is the hundreds digit of 500499?
4
What is the ten thousands digit of 1163038?
6
What is the ten thousands digit of 69769?
6
What is the units digit of 10708589?
9
What is the hundreds digit of 487123?
1
What is the millions digit of 28185860?
8
What is the ten thousands digit of 201342?
0
What is the ten thousands digit of 305199?
0
What is the tens digit of 262384?
8
What is the units digit of 88401?
1
What is the hundred thousands digit of 2675138?
6
What is the tens digit of 8932381?
8
What is the hundred thousands digit of 13004833?
0
What is the tens digit of 3976613?
1
What is the thousands digit of 198770?
8
What is the hundred thousands digit of 144027?
1
What is the hundreds digit of 5333423?
4
What is the hundred thousands digit of 118712?
1
What is the tens digit of 45723?
2
What is the ten thousands digit of 928205?
2
What is the ten thousands digit of 591304?
9
What is the ten thousands digit of 24974634?
7
What is the tens digit of 90271?
7
What is the ten thousands digit of 69415?
6
What is the thousands digit of 1559040?
9
What is the millions digit of 1724207?
1
What is the millions digit of 19178098?
9
What is the tens digit of 12664?
6
What is the units digit of 250204?
4
What is the units digit of 1042899?
9
What is the ten thousands digit of 9567137?
6
What is the units digit of 205753?
3
What is the units digit of 16388505?
5
What is the tens digit of 6087547?
4
What is the ten thousands digit of 2275337?
7
What is the hundred thousands digit of 40634860?
6
What is the thousands digit of 236423?
6
What is the units digit of 224811?
1
What is the tens digit of 208170?
7
What is the thousands digit of 270111?
0
What is the hundreds digit of 1872859?
8
What is the thousands digit of 364528?
4
What is the tens digit of 932535?
3
What is the ten thousands digit of 256190?
5
What is the millions digit of 3415547?
3
What is the tens digit of 834420?
2
What is the tens digit of 48610?
1
What is the hundred thousands digit of 1659960?
6
What is the thousands digit of 173067?
3
What is the hundred thousands digit of 20811053?
8
What is the units digit of 1138216?
6
What is the ten thousands digit of 123195?
2
What is the thousands digit of 379526?
9
What is the hundreds digit of 1804901?
9
What is the hundred thousands digit of 5940332?
9
What is the thousands digit of 3025143?
5
What is the ten millions digit of 17401839?
1
What is the hundreds digit of 2372065?
0
What is the hundred thousands digit of 446379?
4
What is the hundred thousands digit of 23214173?
2
What is the thousands digit of 1294653?
4
What is the units digit of 1565250?
0
What is the tens digit of 796430?
3
What is the units digit of 8181588?
8
What is the thousands digit of 451088?
1
What is the units digit of 135529?
9
What is the tens digit of 138290?
9
What is the units digit of 784334?
4
What is the ten thousands digit of 194281?
9
What is the hundred thousands digit of 2869490?
8
What is the units digit of 276622?
2
What is the ten thousands digit of 95415?
9
What is the units digit of 139777?
7
What is the units digit of 408772?
2
What is the tens digit of 18180591?
9
What is the millions digit of 5491447?
5
What is the tens digit of 8433652?
5
What is the ten millions digit of 10227497?
1
What is the ten thousands digit of 136131?
3
What is the tens digit of 10653348?
4
What is the hundred thousands digit of 15695816?
6
What is the millions digit of 5553620?
5
What is the units digit of 1392216?
6
What is the units digit of 10657?
7
What is the hundreds digit of 2145020?
0
What is the hundreds digit of 2316630?
6
What is the millions digit of 2135959?
2
What is the ten thousands digit of 30334?
3
What is the units digit of 176936?
6
What is the ten millions digit of 39443667?
3
What is the millions digit of 2026629?
2
What is the hundred thousands digit of 1189800?
1
What is the hundred thousands digit of 595590?
5
What is the ten thousands digit of 1328862?
2
What is the thousands digit of 1345675?
5
What is the hundred thousands digit of 5204251?
2
What is the units digit of 106341?
1
What is the ten thousands digit of 105661?
0
What is the units digit of 333322?
2
What is the units digit of 3599838?
8
What is the hundreds digit of 48950?
9
What is the hundreds digit of 556468?
4
What is the hundreds digit of 277202?
2
What is the hundreds digit of 29299053?
0
What is the ten millions digit of 21183715?
2
What is the tens digit of 237885?
8
What is the hundreds digit of 276709?
7
What is the ten thousands digit of 9919202?
1
What is the millions digit of 2389463?
2
What is the tens digit of 235884?
8
What is the thousands digit of 52134?
2
What is the hundred thousands digit of 119524?
1
What is the hundred thousands digit of 342054?
3
What is the tens digit of 3112680?
8
What is the ten thousands digit of 5396766?
9
What is the hundreds digit of 8225679?
6
What is the tens digit of 237220?
2
What is